{"id":1192,"date":"2021-06-15T22:21:20","date_gmt":"2021-06-16T01:21:20","guid":{"rendered":"https:\/\/fortscreen.com.br\/novosite\/?page_id=1192"},"modified":"2023-09-25T16:14:54","modified_gmt":"2023-09-25T19:14:54","slug":"quem-somos","status":"publish","type":"page","link":"https:\/\/fortscreen.com.br\/novosite\/quem-somos\/","title":{"rendered":"Quem Somos"},"content":{"rendered":"\n<p>Somos mais que uma empresa de serigrafia, l\u00edder desse segmento no mercado do Cear\u00e1, temos uma equipe de apaixonados por arte e criatividade. Desde 96 , temos o comprometimento de transformar ideias em obras-primas atrav\u00e9s da serigrafia. Nossa miss\u00e3o \u00e9 oferecer servi\u00e7os de alta qualidade, combinando inova\u00e7\u00e3o, sustentabilidade e um toque art\u00edstico \u00fanico.<\/p>\n\n\n\n<p>Temos profissionais experientes que trabalham em estreita colabora\u00e7\u00e3o com nossos clientes para entender suas vis\u00f5es e transform\u00e1-las em realidade. Al\u00e9m disso, na FortScreen nossa hist\u00f3ria \u00e9 escrita por cada projeto, com cores vibrantes e em cada pe\u00e7a personalizada que criamos.&nbsp;<\/p>\n\n\n\n<p>Junte-se a n\u00f3s nessa jornada de descoberta e inova\u00e7\u00e3o. Seja bem-vindo \u00e0 nossa fam\u00edlia de clientes e amigos que valorizam a serigrafia como uma forma de arte.<\/p>\n\n\n\n<p>Descubra o potencial da serigrafia com o nosso time de artistas!<\/p>\n","protected":false},"excerpt":{"rendered":"<p>Somos mais que uma empresa de serigrafia, l\u00edder desse segmento no mercado do Cear\u00e1, temos uma equipe de apaixonados por arte e criatividade. Desde 96 , temos o comprometimento de transformar ideias em obras-primas atrav\u00e9s da serigrafia. Nossa miss\u00e3o \u00e9 oferecer servi\u00e7os de alta qualidade, combinando inova\u00e7\u00e3o, sustentabilidade e um toque art\u00edstico \u00fanico. Temos profissionais [&hellip;]<\/p>\n","protected":false},"author":1,"featured_media":0,"parent":0,"menu_order":0,"comment_status":"closed","ping_status":"closed","template":"page-quem-somos.php","meta":{"footnotes":""},"_links":{"self":[{"href":"https:\/\/fortscreen.com.br\/novosite\/wp-json\/wp\/v2\/pages\/1192"}],"collection":[{"href":"https:\/\/fortscreen.com.br\/novosite\/wp-json\/wp\/v2\/pages"}],"about":[{"href":"https:\/\/fortscreen.com.br\/novosite\/wp-json\/wp\/v2\/types\/page"}],"author":[{"embeddable":true,"href":"https:\/\/fortscreen.com.br\/novosite\/wp-json\/wp\/v2\/users\/1"}],"replies":[{"embeddable":true,"href":"https:\/\/fortscreen.com.br\/novosite\/wp-json\/wp\/v2\/comments?post=1192"}],"version-history":[{"count":12,"href":"https:\/\/fortscreen.com.br\/novosite\/wp-json\/wp\/v2\/pages\/1192\/revisions"}],"predecessor-version":[{"id":1465,"href":"https:\/\/fortscreen.com.br\/novosite\/wp-json\/wp\/v2\/pages\/1192\/revisions\/1465"}],"wp:attachment":[{"href":"https:\/\/fortscreen.com.br\/novosite\/wp-json\/wp\/v2\/media?parent=1192"}],"curies":[{"name":"wp","href":"https:\/\/api.w.org\/{rel}","templated":true}]}}